a prime number?
True
Is 13217 a prime number?
True
Is 29597 prime?
False
Is 4391 a composite number?
False
Is 2429 a composite number?
True
Is 58697 a composite number?
True
Is 280531 composite?
True
Is 4959463 a composite number?
False
Is 183161 composite?
True
Is 798073 prime?
False
Is 174373 a prime number?
False
Is 6899 prime?
True
Is 23849 prime?
False
Is 5939 prime?
True
Is 766039 prime?
True
Is 7454 a composite number?
True
Is 1485305 composite?
True
Is 227269 a composite number?
True
Is 41443 a prime number?
True
Is 6547 composite?
False
Is 1582753 a composite number?
False
Is 21313 a composite number?
False
Is 18041 a prime number?
True
Is 55513 a prime number?
False
Is 55643 a composite number?
True
Is 130223 composite?
False
Is 375923 a prime number?
True
Is 5266 prime?
False
Is 5381 prime?
True
Is 111997 prime?
True
Is 4001 prime?
True
Is 684791 prime?
True
Is 2149 composite?
True
Is 11861 prime?
False
Is 30143 composite?
True
Is 4573 composite?
True
Is 4201 composite?
False
Is 148609 prime?
True
Is 709 composite?
False
Is 667 prime?
False
Is 921601 prime?
True
Is 3579 composite?
True
Is 14867 composite?
False
Is 17623 composite?
False
Is 253739 composite?
True
Is 274479 a composite number?
True
Is 331 a composite number?
False
Is 5803 a prime number?
False
Is 770741 prime?
True
Is 92459 a composite number?
False
Is 147386 composite?
True
Is 5669 a prime number?
True
Is 9781 a composite number?
False
Is 563 a composite number?
False
Is 38189 prime?
True
Is 136046 a prime number?
False
Is 7493 composite?
True
Is 77521 prime?
True
Is 19589 composite?
True
Is 2761 a prime number?
False
Is 60757 composite?
False
Is 112643 a composite number?
False
Is 392555 a composite number?
True
Is 1011917 composite?
False
Is 579239 a prime number?
True
Is 29553 prime?
False
Is 1002787 a composite number?
False
Is 39577 composite?
True
Is 16729 prime?
True
Is 71113 composite?
True
Is 2971 prime?
True
Is 4385 a composite number?
True
Is 798451 a prime number?
True
Is 22987 a prime number?
False
Is 116301 a prime number?
False
Is 449 prime?
True
Is 131983 composite?
True
Is 40253 composite?
False
Is 59 a prime number?
True
Is 526511 a prime number?
True
Is 55985 composite?
True
Is 3779 composite?
False
Is 4271711 composite?
False
Is 34761 a prime number?
False
Is 165173 a composite number?
False
Is 76429 prime?
False
Is 1859937 prime?
False
Is 14591 prime?
True
Is 126067 prime?
True
Is 213 prime?
False
Is 187787 composite?
False
Is 29789 composite?
False
Is 94533 a composite number?
True
Is 327979 prime?
True
Is 2483 prime?
False
Is 11087 prime?
True
Is 2393 composite?
False
Is 10193 a prime number?
True
Is 85781 prime?
True
Is 165247 composite?
False
Is 53891 a composite number?
False
Is 1487041 a prime number?
False
Is 7219 prime?
True
Is 5591 a prime number?
True
Is 94687 prime?
True
Is 36947 a prime number?
True
Is 104817 composite?
True
Is 101351 a composite number?
True
Is 37717 prime?
True
Is 183629 composite?
True
Is 1758379 composite?
True
Is 97126 a prime number?
False
Is 334931 a composite number?
False
Is 11677 prime?
True
Is 1290095 composite?
True
Is 1357 a prime number?
False
Is 15427 prime?
True
Is 991 composite?
False
Is 11179 a prime number?
False
Is 69283 composite?
True
Is 685849 a prime number?
True
Is 685819 a composite number?
False
Is 1223741 a composite number?
True
Is 38461 composite?
False
Is 6635 prime?
False
Is 1375637 a prime number?
True
Is 160031 a composite number?
False
Is 78361 a composite number?
True
Is 57363 a composite number?
True
Is 118771 prime?
False
Is 65783 a prime number?
False
Is 1923 a prime number?
False
Is 653 a prime number?
True
Is 125722 composite?
True
Is 2243 composite?
False
Is 322093 composite?
False
Is 26981 prime?
True
Is 1847695 a composite number?
True
Is 24889 a composite number?
False
Is 13289 a prime number?
False
Is 206818 a prime number?
False
Is 7499 composite?
False
Is 20129 prime?
True
Is 12577 a composite number?
False
Is 147503 a composite number?
False
Is 23251 prime?
True
Is 4621 a composite number?
False
Is 273679 a prime number?
False
Is 4327933 composite?
True
Is 2459 a prime number?
True
Is 239271 prime?
False
Is 7369 composite?
False
Is 11027 composite?
False
Is 58711 a prime number?
True
Is 53135 a prime number?
False
Is 917 a prime number?
False
Is 13963 composite?
False
Is 2385571 a prime number?
True
Is 96493 a composite number?
False
Is 9069 a composite number?
True
Is 3981 prime?
False
Is 1937 prime?
False
Is 6999 composite?
True
Is 34717 composite?
True
Is 1027751 composite?
False
Is 46559 composite?
False
Is 728437 composite?
False
Is 98909 a prime number?
True
Is 112469 prime?
False
Is 4799 a composite number?
False
Is 25301 composite?
False
Is 50185 composite?
True
Is 723549 prime?
False
Is 58585 prime?
False
Is 114073 a composite number?
False
Is 11071 a composite number?
False
Is 55829 a composite number?
False
Is 486637 a prime number?
True
Is 4327 prime?
True
Is 254287 composite?
True
Is 7121 a composite number?
False
Is 6523 a composite number?
True
Is 15395 prime?
False
Is 48851 a prime number?
False
Is 43853 prime?
True
Is 28799 prime?
False
Is 34321 prime?
False
Is 1599389 composite?
True
Is 19831 a composite number?
True
Is 2087419 prime?
True
Is 6779 a prime number?
True
Is 24709 a composite number?
False
Is 438781 composite?
True
Is 92611 composite?
True
Is 117101 a composite number?
False
Is 1222003 a prime number?
True
Is 5909 prime?
False
Is 15809 composite?
False
Is 9761 prime?
False
Is 20977 a prime number?
False
Is 476813 composite?
True
Is 907 composite?
False
Is 18449 composite?
True
Is 6467 a prime number?
False
Is 95649 a prime number?
False
Is 606899 a composite number?
False
Is 1568815 a prime number?
False
Is 135697 prime?
True
Is 205703 a prime number?
True
Is 467 composite?
False
Is 5969 prime?
False
Is 59677 composite?
True
Is 225595 composite?
True
Is 762859 a composite number?
True
Is 301667 a composite number?
True
Is 582809 a composite number?
False
Is 39269 a prime number?
False
Is 225605 composite?
True
Is 72019 composite?
False
Is 1353277 a composite number?
False
Is 150899 prime?
False
Is 165443 a prime number?
True
Is 1843 a prime number?
False
Is 38113 a composite number?
False
Is 157537 a prime number?
False
Is 5077 a composite number?
False
Is 264697 a composite number?
False
Is 215647 a composite number?
True
Is 3299 a composite number?
False
Is 22147 a composite number?
False
Is 35933 a prime number?
True
Is 15986 a composite number?
True
Is 955 a composite number?
True
Is 5339 a prime number?
False
Is 94253 composite?
False
Is 917177 a prime number?
False
Is 284537 prime?
False
Is 810757 composite?
False
Is 1276433 composite?
False
Is 7753 prime?
True
Is 73079 a composite number?
False
Is 301083 a prime number?
False
Is 15401 a prime number?
True
Is 265099 prime?
False
Is 2830895 a composite number?
True
Is 215011 a prime number?
False
Is 10663 prime?
True
Is 225427 a prime number?
True
Is 340553 a composite number?
True
Is 6457 prime?
False
Is 70823 a prime number?
True
Is 307 prime?
True
Is 2934223 prime?
True
Is 146915 prime?
False
Is 1438583 a composite number?
False
Is 5533 composite?
True
Is 18589 prime?
False
Is 1151093 a prime number?
False
Is 154081 a composite number?
False
Is 37039 composite?
False
Is 9934 a composite number?
True
Is 152129 a composite number?
True
Is 1574197 prime?
True
Is 107699 a composite number?
False
Is 8335 a composite number?
True
Is 327485 a prime number?
False
Is 12583 prime?
True
Is 14693 composite?
True
Is 5261 a prime number?
True
Is 2018 composite?
True
Is 1643 a composite number?
True
Is 2701 a composite number?
True
Is 1004893 composite?
True
Is 609503 prime?
True
Is 11755 a prime number?
False
Is 699677 a prime number?
False
Is 27899 composite?
True
Is 4327 composite?
False
Is 52859 a composite number?
False
Is 815131 a composite number?
True
Is 434693 a prime number?
False
Is 31631 a composite number?
True
Is 412831 a prime number?
True
Is 41117 prime?
True
Is 1761 a composite number?
True
Is 29501 a composite number?
False
Is 5147 a composite number?
False
Is 11335 a prime number?
False
Is 760259 a prime number?
False
Is 28711 prime?
True
Is 8081 prime?
True
Is 45623 compo